. Let c(q) = 2*k(q) - 9*u(q). Calculate c(n).
-6
Suppose -48 = -13*z + 7*z. Suppose 0 = -z*y + 126 - 158. Let j(s) = -s - 2. Calculate j(y).
2
Let i = 129 + -159. Let n be (i/(-25)*-1)/(15/100). Let l(b) = -b**2 - 6*b + 6. What is l(n)?
-10
Suppose 4 + 8 = 4*y. Suppose -y*p = -5*n + 1, n = -2*p + 7*p - 13. Let s(l) = -n + 17 - 8 + 7*l - 6 - l**2. What is s(8)?
-7
Let c(i) = 136*i**2 - 37*i - 126. Let s(k) = 163*k**2 - 36*k - 124. Let y(v) = -6*c(v) + 5*s(v). What is y(45)?
1
Let n(u) = -5*u - 5. Let x be ((-28)/(-6))/((-22)/(-330)). Let t = x - 72. Determine n(t).
5
Let i(k) = -12584*k - 76 + 30*k**2 + 12550*k - 31*k**2. What is i(-32)?
-12
Let b(z) = 4*z**2 - 2*z - 1. Suppose 0 = y - 2*h - 2, 3*y + 2*y + h = 10. Let j be -1 - (-6 + -2) - y. Suppose 7*f = -j - 2. Calculate b(f).
5
Let h(j) be the third derivative of -j**4/4 - 31*j**3/6 + 10015*j**2. What is h(0)?
-31
Suppose t - j = -13, -9 = 56*t - 59*t - 5*j. Let u(s) = -65*s - 460. Calculate u(t).
-5
Suppose 5*b + 30 = -3*p, 2*p = -13*b + 9*b - 22. Let s(h) = -3*h**2 - 27*h**3 + 1 + 26*h**3 + 3*h + 2*h**2 - 3*h**2. Give s(p).
11
Let g(f) = -7*f + 20. Let d(a) = 51*a - 141. Let i(j) = 2*d(j) + 15*g(j). Let m(v) = 8*v - 53. Let z(r) = 11*i(r) + 4*m(r). Calculate z(-10).
-4
Let a(w) = w**3 + 17*w**2 - 19*w - 15. Let d be a(-18). Let g(c) = 4*c + 565 - 548 - d*c. Let f be 0/(3*2/6) - 0. Calculate g(f).
17
Let m(w) = 11*w - 44. Let a = 93 - 89. Calculate m(a).
0
Suppose -4*m - 3*h = 12, h + 4 = -m - m. Suppose 3*d + m = 3. Let i(c) be the second derivative of -c**4/3 + 324*c. What is i(d)?
-4
Let k = -15 - -7. Let g = 13 + k. Let s(r) = 36*r + 3 - 37*r**2 + 24*r + 38*r**2 - 65*r. What is s(g)?
3
Let x(u) be the first derivative of u**3/3 - 9*u**2 + 21*u + 866. What is x(17)?
4
Let b(u) be the first derivative of u**3/3 + 21*u**2/2 + 101*u + 987. What is b(-7)?
3
Let i(x) = -x**2 + 6*x + 17. Suppose 48 = 270*g - 274*g. Let u(m) = -m**3 - 14*m**2 - 24*m + 8. Let t be u(g). What is i(t)?
1
Let i(n) be the second derivative of -n**5/20 - n**4/4 + 5*n**3/6 - n**2/2 + n. Let z be (5090/(-1527))/((-2)/12*-5). What is i(z)?
-5
Let t(z) = z + 1. Let w(o) = 4*o - 50. Let u be w(14). Suppose 62 = u*r + 38. Calculate t(r).
5
Let k(b) = 11*b + 1681 - 5045 + 1686 + b**2 + 1687 + 2*b**2. Determine k(-4).
13
Let f(i) = -i**2 + 16*i - 60. Let x be f(9). Let d(q) = -3*q - q - 4 - 5*q**2 + q**3 - x*q**2 + 4*q**2. What is d(5)?
1
Let d(s) be the third derivative of s**8/6720 + s**7/420 + s**6/360 - 25*s**4/6 - 19*s**2 + 2*s. Let m(x) be the second derivative of d(x). Calculate m(-5).
15
Let o = 89762 + -89756. Let t(s) be the first derivative of -1/3*s**3 - 1 + 7*s + 5/2*s**2. Determine t(o).
1
Let q(k) = -33*k - 1. Let v(h) = -4*h - 3. Let n be v(-6). Suppose -4*l + 3 = -2*o + n, -5*o = -2*l - 13. Determine q(o).
-34
Let y(g) be the third derivative of -g**5/20 + g**4/3 + 2*g**3/3 - 43*g**2. Let z(i) = -i**2 + 2*i - 2. Let x(u) = -y(u) + 2*z(u). What is x(7)?
13
Let z = 5 - -2. Let s(v) = 7*v**2 - 39*v - 15. Let y(a) = 3*a**2 - 16*a - 7. Let b(l) = 2*s(l) - 5*y(l). Calculate b(z).
-30
Suppose -4*g + 9*g = 3*m + 138, 3*g - 3*m = 78. Let v = 35 - g. Let w(n) = -n + 1 + 12*n**3 + v*n**2 + 16*n**3 - 27*n**3 + 4*n. Calculate w(-4).
5
Let k(m) = -m**2 + m + 76. Let h be k(-8). Let x(t) = -11 + 5*t - h + 23 - 6. Let n be 2 - (5 - (2 - 3)). Calculate x(n).
-18
Let v(n) = 23*n**3 - 19*n**2 + 17*n - 64. Let x(k) = 10*k**3 - 9*k**2 + 7*k - 33. Let l(g) = -3*v(g) + 7*x(g). Determine l(7).
-4
Let y(w) = w**3 - 81*w**2 - 75*w - 577. Let q be y(82). Let c(h) be the first derivative of -4*h**3/3 + h**2/2 + h + 1. Calculate c(q).
-38
Let w(n) = 4*n**3 + n**2 - 7*n + 4. Let x be ((-2)/7)/((-7)/(-196)*4). Let o(h) = -3*h**3 - 2*h**2 + 6*h - 3. Let z(t) = x*w(t) - 3*o(t). Calculate z(-5).
-4
Let j(s) be the first derivative of -s**4/2 - s**3 - s**2/2 - s + 1. Let g(c) = 2*c**2 + 8*c - 13. Let l be g(-7). Let i = -31 + l. Calculate j(i).
5
Let v be 12/14*((-12320)/66)/(-16). Let n(o) = 55*o - 556. What is n(v)?
-6
Let j(d) = 2*d - 25243 + 25240 - 12*d**2 + 15*d**2. Calculate j(3).
30
Let j(h) = h + 7. Let d be j(-8). Let x(p) = 37*p**3 + 2*p**2 + 2*p + 1. Let b be x(d). Let l = 41 + b. Let t(r) = -r**3 + 5*r**2 - 2*r - 6. Calculate t(l).
-16
Let x(r) = 0 + 3*r - 4*r**2 + 3*r**2 + 3. Let z(k) = -78*k - 386. Let c be z(-5). Give x(c).
-1
Let m(a) = 391 - 178 - 195 - 8*a. Calculate m(0).
18
Let i(d) = d**2 - 4*d + 8. Suppose 2*c - 3*n - 1 = -7, -2*c + 2 = n. Suppose 2*h - 7*h = -4*r - 45, 3*h - 3*r - 30 = c. Determine i(h).
13
Let k(v) = -12*v + 13. Let o be -4*(-20 - 474/(-24)). What is k(o)?
1
Let w(y) = -16*y**2 - 55*y + 19. Let g(o) = -22*o**2 - 79*o + 28. Let j(q) = 5*g(q) - 7*w(q). Let t = -16 + 22. Calculate j(t).
19
Let z = 27373 + -27362. Let f(q) = -9*q + 66. Determine f(z).
-33
Suppose x - 1 = -4*v - 4, 2*v - 6 = -2*x. Let q(f) = f - 3. Let z be q(x). Let i(p) = 0*p + 10 + 12 - 29 + p**z + 4*p. Give i(-6).
5
Let x(p) be the second derivative of 3*p**5/20 + p**4/12 - p**2/2 - 4*p. Let g be x(1). Let f(q) = 1 - g - 4*q + 4. What is f(-2)?
10
Let i(d) = d - 7. Let q = -1 + 9. Suppose 3*o - 2*o - 8 = 0. Suppose 2*l - 2*j = 0, l + 3*j = q + o. What is i(l)?
-3
Let z(t) = -12 - 8 + 17 - 3 + 2*t. Suppose i + 12 = 4*s, 7*i = 3*i + 16. Calculate z(s).
2
Let o(c) = 20*c**2 - c + 2. Let v(n) = -118*n**2 + 26*n - 31. Let p(z) = 6*o(z) + v(z). What is p(-10)?
-19
Let d(f) = f + 3. Let x(t) = 6*t - 3. Let v(j) = -20*j + 8. Let y(i) = -5*v(i) - 16*x(i). Let c(w) = 7*d(w) - 2*y(w). What is c(6)?
-1
Let y(o) = 13*o**2 + 4*o - 17. Let q(u) = 11*u**2 + 3*u - 15. Let x(v) = 7*q(v) - 6*y(v). Suppose -6*l + 2*l - 12 = 0. Calculate x(l).
-3
Let v(p) be the second derivative of p**5/20 - p**4 - 13*p**3/6 + p**2/2 - 6*p. Suppose 0 = -2*l - 2*w + 38, -l + 31 = 5*w - 12. Determine v(l).
1
Let d(j) = j**2 - 5*j. Let h(f) be the first derivative of f**2/2 - f + 5. Suppose -2*o + 5*m + 4 + 8 = 0, -o = -m - 6. Let b be h(o). What is d(b)?
0
Let g(h) = h**3 + 1 - 78476707*h**2 - 2*h + 2 + 78476698*h**2. Let b(z) = -4*z + 1. Let t be b(-2). Give g(t).
-15
Let g be ((-24)/10)/((-13)/130). Let f be (g/18)/((-6)/(-27)). Let y(p) = -p**3 + 5*p**2 + 6*p - 4. Determine y(f).
-4
Let m(z) = 424*z - 136 - 131*z - 273*z. Calculate m(7).
4
Let b(k) = -2*k**3 + 3*k**2 + k - 1. Let t be b(-1). Suppose 2*l - t = 3. Let u(i) = l*i**2 + 7*i**2 + 10 - i**3 - 6 + 9 - 11*i. Calculate u(9).
-5
Let p(g) = -g**3 + 15*g**2 - 14*g - 5. Let o be 2224/(-24)*(-3 - 0). Let r = 292 - o. What is p(r)?
-5
Let n(s) = 6*s + 106. Let i be (6/(-4))/((-6)/(-64)). Calculate n(i).
10
Let i(j) = -j**3 + 19*j**2 + 23*j - 46. Suppose -6*a - 184 + 229 = -75. Determine i(a).
14
Let n(j) = -j**2 - 4. Suppose 2*v + 27*b + 28 = 31*b, 4*v + 5*b = -4. What is n(v)?
-40
Let c(z) = -7*z**2 + 4*z + 20. Let n(k) be the first derivative of -11*k**3/3 + 3*k**2 + 31*k + 330. Let y(s) = -8*c(s) + 5*n(s). Determine y(3).
-2
Let v(w) be the first derivative of -w**4/4 + 2*w**3/3 - w**2/2 + w - 1. Let b be ((-931)/(-14))/(-19)*2. Let f be b + -2 - (-54 - -43). Calculate v(f).
-1
Let x = -285 + 290. Let j(p) = 25*p - 1 - 27*p - 2*p**2 - 3*p**3 - x*p**3. Determine j(-1).
7
Let u = -5 - -2. Let q be 0*u/(1 + 2). Let a(c) = 1 - 21956*c - c**2 + 10981*c + 10976*c + 0*c**2. Calculate a(q).
1
Let r(w) = w**2 - 27*w - 13. Let o(h) = -h**2 + 23*h + 12. Let p(i) = 6*i - 263. Let x be p(43). Let j(v) = x*o(v) - 4*r(v). Give j(7).
-8
Let w(o) = -14*o**2 - 2*o - 1. Let d = 68 + -66. Suppose g + d = 2*y + 6, 2*y - 3*g = -8. Calculate w(y).
-13
Suppose -5*o - 4*a - 5 = 0, -4*o - 1 - 24 = -a. Let k be (1 - 2)/(o/30). Let d(t) = t**3 - 7*t**2 + 5*t. Give d(k).
-6
Let k(a) = -18*a + 21. Let l(z) = -2*z - 3. Let s(b) = -k(b) + 10*l(b). Calculate s(-27).
3
Let q = -8 + 15. Let d(f) be the second derivative of -f**5/120 + 5*f**4/8 + 245*f**3/6 - 219*f. Let y(i) be the second derivative of d(i). Determine y(q).
8
Let t(k) = k + 10. Suppose 1 = 4*x + 25. Let c be (-2)/x*33/(-1). Calculate t(c).
-1
Let g be 5*(-2 - 124/(-60)) + (-12)/9. Let u(y) = -17*y**2 + y - 1. Determine u(g).
-19
Let v(b) be the first derivative of -7*b**2/2 - 333*b + 169. Let q be v(-47). Let y(m) = m + 10. Calculate y(q).
6
Let w(d) = 178*d + 2 + 2*d**2 + 189*d 